{"id":29,"date":"2020-01-05T10:36:24","date_gmt":"2020-01-05T09:36:24","guid":{"rendered":"http:\/\/sautivet.fr\/?page_id=29"},"modified":"2020-01-20T10:14:55","modified_gmt":"2020-01-20T09:14:55","slug":"expositions","status":"publish","type":"page","link":"https:\/\/sautivet.fr\/index.php\/expositions\/","title":{"rendered":"Expositions"},"content":{"rendered":"<h2 class=\"Style5\"><span class=\"Style1\">Annie Sautivet<\/span><\/h2>\n<p>c\u00e9ramiste plasticienne<\/p>\n<p class=\"Style21\" align=\"left\"><strong><span class=\"Style7\">Mars 2016<\/span><\/strong> : Exposition au <a href=\"http:\/\/sautivet.fr\/index.php\/2016-2\/\">Gazette-Caf\u00e9<\/a>,<strong> Montpellier<\/strong><\/p>\n<p class=\"Style21\" align=\"left\"><strong><span class=\"Style7\">Juin 2012<\/span><\/strong> : exposition au Salon du livre \u00e9rotique au palais des festivit\u00e9s d&rsquo;<strong>Evian<\/strong><\/p>\n<p class=\"Style21\" align=\"left\"><strong><span class=\"Style7\">Juillet-Aout 2010<\/span><\/strong> <strong>\u00e0\u00a0 <a href=\"http:\/\/sautivet.fr\/index.php\/2010-2\/\">Maury<\/a> (village d&rsquo;art contemporain le temps d&rsquo;un \u00e9t\u00e9)<\/strong> : exposition <a href=\"http:\/\/www.maury-village.com\/pgs\/page.php?rid=3&amp;pid=13\">Toutes toiles dehors<\/a> 2010 dans les Pyr\u00e9n\u00e9es Orientales<\/p>\n<p class=\"Style21\" align=\"left\"><strong><span class=\"Style7\">F\u00e9vrier-Mars 2010 \u00e0 <a href=\"http:\/\/www.bages.fr\/fr\/loisirs-culture\/la-maison-des-arts\">La Maison des Arts<\/a> \u00e0 Bages dans l&rsquo;Aude:<\/span><\/strong><br \/>\nautour de la repr\u00e9sentation du sexe f\u00e9minin qui reste largement un tabou encore aujourd&rsquo;hui malgr\u00e9 l&rsquo;abondance de m\u00e9dias.<br \/>\nDes bribes de repr\u00e9sentations ont progressivement envahi tout le champ de mon imaginaire au fur et \u00e0 mesure de ma formation universitaire de sexologue. Ainsi, c\u2019est un v\u00e9ritable <strong>hommage au sexe f\u00e9minin<\/strong> qui a conduit ce travail , un hommage \u00e0 ce fameux continent, noir pour certains,\u00a0 mais si\u00e8ge de prodigieuses fulgurances pour d\u2019autres. Cet hommage se d\u00e9cline en boucliers vulve, fl\u00e8ches vulve, masques et f\u00e9tiches vulve, en terre polie enfum\u00e9e et techniques mixtes (voir Portfolio :\u00a0 <a href=\"http:\/\/sautivet.fr\/index.php\/2007-2\/\">2007<\/a> \u00e0 <a href=\"http:\/\/sautivet.fr\/index.php\/2009-2\/\">2009)<\/a><\/p>\n<p class=\"Style14\"><strong>Avril 2007<\/strong> <strong>au domaine du chai du Terral \u00e0 Saint Jean de Vedas(34)<\/strong>:\u00a0 Sculptures de v\u00e9g\u00e9taux fantasmagoriques en terre polie enfum\u00e9e.<\/p>\n<p class=\"Style14\"><strong>Janvier 2004 au CCDP de l&rsquo;h\u00e9rault \u00e0 Montpellier<\/strong>: <em>autour de l\u2019id\u00e9e du ventre, de la f\u00e9condit\u00e9, de la graine<\/em>, <a href=\"http:\/\/sautivet.fr\/index.php\/2004-2\/\">cr\u00e9ations<\/a> en terre polie enfum\u00e9e et en m\u00e9tal oxyd\u00e9.<\/p>\n<p class=\"Style14\"><strong>Juin 2002\u00a0 dans le cadre\u00a0 du \u00ab\u00a0temps des jardins\u00a0\u00bb au jardin du Redounel \u00e0 Assas (34)<\/strong>: <a href=\"http:\/\/sautivet.fr\/index.php\/2002-2\/\">totems pal\u00e9ontologiques <\/a>en terre polie enfum\u00e9e et en c\u00e9ramique raku o\u00f9 le feu et la fum\u00e9e ont fossilis\u00e9 la terre, sorte d\u2019arch\u00e9ologie personnelle.<\/p>\n<p class=\"Style14\"><strong>D\u00e9cembre 2001 \u00e0 Castelnau le lez(34) <\/strong>: <em>cr\u00e9ations d\u2019habits de terre <\/em>polie enfum\u00e9e et de c\u00e9ramique raku inspir\u00e9s du Moyen-\u00e2ge.<\/p>\n<p class=\"Style14\"><strong>Avril 2001 \u00e0 Clapiers <\/strong>: cr\u00e9ations en c\u00e9ramique raku <em>autour du th\u00e8me de l\u2019amour <\/em>dans le cadre des rencontres m\u00e9diterran\u00e9ennes de Clapiers.<\/p>\n<p><strong><span class=\"Style14\">Janvier 2001\u00a0 \u00e0 l&rsquo;espace culturel la clastre, le triadou(34) <\/span><\/strong><span class=\"Style14\">: <a href=\"http:\/\/sautivet.fr\/index.php\/2001-2\/\">cr\u00e9ations<\/a> en c\u00e9ramique raku <em>autour des photographies de Andr\u00e9 Dumas <\/em>o\u00f9 la c\u00e9ramique venait r\u00e9pondre aux photographies parfois pour les contredire, parfois pour les travestir ou les faire dispara\u00eetre parfois encore pour les transcender dans un jeu qui sugg\u00e9rait un mariage alchimique.<\/span><\/p>\n<p><strong>A partir de 1995<\/strong> travail autour de la c\u00e9ramique raku et de la terre polie enfum\u00e9e<\/p>\n<p><strong>A partir de 1974<\/strong> enseignante d\u2019arts plastiques et en parall\u00e8le, cr\u00e9atrice\u00a0 de multiples collections de bijoux fantaisistes et humoristiques autour de la BD, de la th\u00e9rapie du regard des Ethiopiens, des sagas africaines, des enluminures moyen\u00e2geuses ou celtes, de l\u2019astrologie, de la calligraphie\u00a0 cela dans les techniques les plus vari\u00e9es : m\u00e9tal, bois, r\u00e9sine, plastique, papier, etc\u2026et terre !<\/p>\n","protected":false},"excerpt":{"rendered":"<p>Annie Sautivet c\u00e9ramiste plasticienne Mars 2016 : Exposition au Gazette-Caf\u00e9, Montpellier Juin 2012 : exposition au Salon du livre \u00e9rotique au palais des festivit\u00e9s d&rsquo;Evian Juillet-Aout 2010 \u00e0\u00a0 Maury (village d&rsquo;art contemporain le temps d&rsquo;un \u00e9t\u00e9) : exposition Toutes toiles<\/p>\n","protected":false},"author":1,"featured_media":0,"parent":0,"menu_order":0,"comment_status":"closed","ping_status":"closed","template":"","meta":{"_monsterinsights_skip_tracking":false,"_monsterinsights_sitenote_active":false,"_monsterinsights_sitenote_note":"","_monsterinsights_sitenote_category":0,"footnotes":""},"class_list":["post-29","page","type-page","status-publish","hentry"],"_links":{"self":[{"href":"https:\/\/sautivet.fr\/index.php\/wp-json\/wp\/v2\/pages\/29","targetHints":{"allow":["GET"]}}],"collection":[{"href":"https:\/\/sautivet.fr\/index.php\/wp-json\/wp\/v2\/pages"}],"about":[{"href":"https:\/\/sautivet.fr\/index.php\/wp-json\/wp\/v2\/types\/page"}],"author":[{"embeddable":true,"href":"https:\/\/sautivet.fr\/index.php\/wp-json\/wp\/v2\/users\/1"}],"replies":[{"embeddable":true,"href":"https:\/\/sautivet.fr\/index.php\/wp-json\/wp\/v2\/comments?post=29"}],"version-history":[{"count":9,"href":"https:\/\/sautivet.fr\/index.php\/wp-json\/wp\/v2\/pages\/29\/revisions"}],"predecessor-version":[{"id":686,"href":"https:\/\/sautivet.fr\/index.php\/wp-json\/wp\/v2\/pages\/29\/revisions\/686"}],"wp:attachment":[{"href":"https:\/\/sautivet.fr\/index.php\/wp-json\/wp\/v2\/media?parent=29"}],"curies":[{"name":"wp","href":"https:\/\/api.w.org\/{rel}","templated":true}]}}